the prime factors of 1185076816?
2, 7, 11, 19, 50627
What are the prime factors of 44667400?
2, 5, 223337
List the prime factors of 3738794041.
71, 607, 86753
What are the prime factors of 283715877?
3, 94571959
What are the prime factors of 130060327?
47, 2767241
List the prime factors of 465790012.
2, 41, 2840183
List the prime factors of 4291014912.
2, 3, 37, 151007
What are the prime factors of 1167670795?
5, 2131, 109589
What are the prime factors of 133949433?
3, 3677, 12143
What are the prime factors of 80691174?
2, 3, 109, 13709
List the prime factors of 342752024.
2, 42844003
List the prime factors of 556211199.
3, 113, 1640741
List the prime factors of 3211771055.
5, 431, 1490381
List the prime factors of 43733621.
89, 383, 1283
List the prime factors of 188110851.
3, 62703617
What are the prime factors of 513761421?
3, 171253807
List the prime factors of 171876324.
2, 3, 17, 842531
What are the prime factors of 3081819550?
2, 5, 379, 162629
What are the prime factors of 215203107?
3, 7, 10247767
List the prime factors of 2693674460.
2, 5, 19, 2003, 3539
List the prime factors of 41320117.
19, 31, 73
List the prime factors of 341477221.
341477221
What are the prime factors of 2222061352?
2, 7, 233, 170299
List the prime factors of 231660038.
2, 115830019
List the prime factors of 34054081.
97, 569, 617
List the prime factors of 194759674.
2, 71, 109, 12583
What are the prime factors of 23016911?
31, 43, 557
What are the prime factors of 25188430?
2, 5, 31, 193, 421
List the prime factors of 935645443.
19, 49244497
List the prime factors of 279880597.
279880597
What are the prime factors of 9589077?
3, 439, 809
List the prime factors of 1314573776.
2, 82160861
List the prime factors of 202839109.
11, 53, 59, 5897
What are the prime factors of 160910356?
2, 40227589
What are the prime factors of 47132973?
3, 281, 18637
List the prime factors of 1744745.
5, 348949
What are the prime factors of 124573040?
2, 5, 73, 83, 257
List the prime factors of 4646025.
3, 5, 6883
What are the prime factors of 136601384?
2, 17075173
List the prime factors of 2280251695.
5, 41, 11123179
List the prime factors of 56763157.
11, 3877
What are the prime factors of 1097790071?
7, 22403879
What are the prime factors of 91185660?
2, 3, 5, 67, 7561
List the prime factors of 329314509.
3, 36590501
What are the prime factors of 689125664?
2, 59, 365003
What are the prime factors of 3168765467?
7, 4423, 14621
What are the prime factors of 11144999?
53, 210283
What are the prime factors of 8052188268?
2, 3, 139, 149, 179, 181
List the prime factors of 732261103.
7, 104608729
What are the prime factors of 2871461243?
7, 23, 227, 78569
What are the prime factors of 930808199?
41, 22702639
What are the prime factors of 2931508?
2, 732877
List the prime factors of 631070367.
3, 331, 635519
What are the prime factors of 877137732?
2, 3, 101, 317, 761
What are the prime factors of 104311555?
5, 23, 151, 6007
What are the prime factors of 30973863?
3, 277, 37273
List the prime factors of 1504574901.
3, 167174989
What are the prime factors of 4317786?
2, 3, 11, 2423
What are the prime factors of 1090301418?
2, 3, 71, 284377
List the prime factors of 558514586.
2, 7, 743, 53693
What are the prime factors of 1749623256?
2, 3, 4649, 5227
List the prime factors of 105850816.
2, 1653919
What are the prime factors of 2260254466?
2, 1130127233
List the prime factors of 5146434706.
2, 7, 229, 593, 2707
What are the prime factors of 1336100603?
811, 1647473
What are the prime factors of 543385836?
2, 3, 7, 431, 5003
List the prime factors of 91559873.
29, 83, 38039
What are the prime factors of 502454913?
3, 31, 5402741
List the prime factors of 190372724.
2, 47593181
What are the prime factors of 156815523?
3, 17423947
List the prime factors of 708845036.
2, 177211259
List the prime factors of 867241976.
2, 108405247
What are the prime factors of 49255321?
103, 478207
List the prime factors of 22020975.
3, 5, 97871
List the prime factors of 3893015400.
2, 3, 5, 83, 78173
What are the prime factors of 68593014?
2, 3, 7, 79, 2297
List the prime factors of 558322591.
67, 97, 85909
List the prime factors of 259636774.
2, 659, 196993
What are the prime factors of 222220052?
2, 55555013
List the prime factors of 83555647.
7, 223, 53527
What are the prime factors of 65899388?
2, 16474847
List the prime factors of 280475219.
41, 751, 9109
List the prime factors of 213338300.
2, 5, 7, 37, 8237
What are the prime factors of 94451687?
11, 281, 30557
What are the prime factors of 1723685223?
3, 13, 41, 1077977
List the prime factors of 729101512.
2, 91137689
List the prime factors of 450440350.
2, 5, 41, 219727
What are the prime factors of 1442296608?
2, 3, 15023923
What are the prime factors of 191759620?
2, 5, 13, 737537
What are the prime factors of 56415901?
2593, 21757
List the prime factors of 2189597599.
7, 683, 457979
What are the prime factors of 224153355?
3, 5, 19, 41, 19183
List the prime factors of 61855950.
2, 3, 5, 13, 31721
List the prime factors of 1269655139.
18517, 68567
List the prime factors of 331771747.
3457, 95971
What are the prime factors of 215683993?
7, 30811999
What are the prime factors of 117807808?
2, 1840747
What are the prime factors of 7723351433?
7, 1039, 151703
List the prime factors of 892742743.
17, 31, 383, 4423
What are the prime factors of 1859231031?
3, 7, 88534811
What are the prime factors of 3913509020?
2, 5, 195675451
What are the prime factors of 149465757?
3, 7, 7117417
List the prime factors of 20136421.
20136421
What are the prime factors of 382765757?
11, 71, 490097
What are the prime factors of 72597012?
2, 3, 2417, 2503
List the prime factors of 1402322894.
2, 7, 17, 5892113
List the prime factors of 474590782.
2, 269, 882139
List the prime factors of 339963274.
2, 7, 3469013
List the prime factors of 597446647.
7, 85349521
What are the prime factors of 36679699?
7, 109, 48073
List the prime factors of 57313471.
57313471
What are the prime factors of 94406789?
23, 4104643
List the prime factors of 83804891.
5903, 14197
What are the prime factors of 370419765?
3, 5, 37, 667423
List the prime factors of 13110130.
2, 5, 11, 119183
List the prime factors of 53838920.
2, 5, 1345973
What are the prime factors of 3916203351?
3, 17, 76788301
List the prime factors of 77885360.
2, 5, 7, 23, 6047
List the prime factors of 2107774268.
2, 3659, 144013
What are the prime factors of 635835874?
2, 19, 23, 727501
What are the prime factors of 1411859372?
2, 7, 11, 19, 241261
List the prime factors of 3122054038.
2, 1061, 1471279
List the prime factors of 5307278849.
131, 1429, 28351
What are the prime factors of 2460488438?
2, 17, 1847, 39181
List the prime factors of 167311860.
2, 3, 5, 2788531
List the prime factors of 83064130.
2, 5, 167, 49739
List the prime factors of 13571631.
3, 137, 1223
List the prime factors of 157516639.
7, 22502377
What are the prime factors of 30242734?
2, 71, 89, 2393
What are the prime factors of 183570159?
3, 61190053
List the prime factors of 83127561.
3, 11, 2519017
What are the prime factors of 337886009?
337886009
List the prime factors of 912726319.
23, 39683753
What are the prime factors of 20643362?
2, 2269, 4549
What are the prime factors of 6322618?
2, 3161309
What are the prime factors of 277078586?
2, 29, 4777217
What are the prime factors of 8227030398?
2, 3, 41, 33443213
List the prime factors of 291952189.
291952189
What are the prime factors of 2704242491?
2704242491
List the prime factors of 196421164.
2, 19, 101, 25589
List the prime factors of 1926695305.
5, 385339061
List the prime factors of 4720365004.
2, 769, 1534579
List the prime factors of 3858349.
11, 19, 18461
List the prime factors of 72027492.
2, 3, 6002291
What are the prime factors of 125606933?
23, 101, 139, 389
What are the prime factors of 37020617?
29, 617, 2069
What are the prime factors of 1657206525?
3, 5, 13, 31, 54829
List the prime factors of 810504736.
2, 19, 313, 4259
What are the prime factors of 262343132?
2, 65585783
List the prime factors of 209943261.
3, 11, 2120639
List the prime factors of 5830210404.
2, 3, 457, 354377
What are the prime factors of 31161311?
19, 103, 15923
What are the prime factors of 5788087?
97, 